{"id":1185,"date":"2021-06-09T11:08:40","date_gmt":"2021-06-09T09:08:40","guid":{"rendered":"https:\/\/ginekologijameglic.si\/o-nama\/petra-meglic-dr-med\/"},"modified":"2022-12-28T12:29:42","modified_gmt":"2022-12-28T10:29:42","slug":"petra-meglic-dr-med","status":"publish","type":"page","link":"https:\/\/ginekologijameglic.si\/sr\/o-nama\/petra-meglic-dr-med\/","title":{"rendered":"Petra Megli\u010d, dr. med."},"content":{"rendered":"\r\n<style type=\"text\/css\">\r\n#profile-image-block-block_60c0861443a82 {\r\n    \/* Add styles that use ACF values here *\/\r\n}\r\n<\/style>\r\n\r\n<div id=\"profile-image-block-block_60c0861443a82\" class=\"block-profile-image-block\">\r\n    <div class=\"container flex-row flex-row--align-h-center\">\r\n        <div class=\"about-cards__single flex-col-md-4\">\r\n                        <img decoding=\"async\" class=\"profile-image\" src=\"https:\/\/ginekologijameglic.si\/wp-content\/uploads\/2022\/12\/drPetraMeglic-2.jpg\" \/>\r\n                        <h4 class=\"profile-name\">Petra Megli\u010d, <span class=\"small\">dr. med.<\/span><\/h4>\r\n            <p class=\"profile-description\">privatna ambulanta i ambulanta sa koncesijom            <\/p>\r\n        <\/div>\r\n    <\/div>\r\n<\/div>\n\n\r\n<div id=\"text-block-block_60c08baf70e06\" class=\"block-text-block\">\r\n\r\n    <div class=\"flex-row flex-row--align-h-center\">\r\n\r\n        <div class=\"flex-col-md-6\">\r\n            <p>Jo\u0161 od svoje 10. godine sam znala da \u017eelim da budem ginekolog. Ne znam za\u0161to ali je tako bilo. Zato je bio moj put obrazovanja vrlo jasan i zacrtan. Gimnazija Be\u017eigrad i onda Medicinski fakultet Univerziteta u Ljubljani koji sam zavr\u0161ila 1996. godine. Ve\u0107 tokom studija sam i\u0161la na razmenu u Ukrajnu i Rusiju, a kao apsolvent medicine tako\u0111e u Zambiju, gde smo se kolege i ja prvo obrazovali u UKC Lusaka, a onda samostalno radili u misijskim bolnicama.<br \/>\nSpecijalizaciju iz ginekologije i porodiljstva sam zavr\u0161ila cum laude (sa odlikovanjem) 2003. godine. Do 2019. sam radila kao vo\u0111a ginekologije u ZD Dom\u017eale, a dodatno sam bila zaposlena u UKC Ljubljana, Ginekolo\u0161ka klinika.<\/p>\n<p>Stalno se obrazujem ovde i u inostranstvu kao predava\u010d ili u\u010desnik kongresa i simpozija. Sara\u0111ujem sa klinikama, institutima i kolegama svih specijalizacija.<br \/>\n2019. godine sam krenula na samostalno putovanje jer je jednostavno bilo vreme za promenu i nove izazove. Takav na\u010din rada omogu\u0107ava bolje prilago\u0111avanje potrebama savremenog vremena i \u017eeljama \u017eena.<\/p>\n<p>Suprug i ja imamo po principu: \u201emoji- tvoji- na\u0161i\u201c petoro dece koji su svaki na svoj na\u010din obogatili na\u0161e \u017eivote i pogled na svet. Kao \u017eena i mama koja je istovremno lekar specijalista za \u017eene, mogu da tvrdim da imam posebno \u0161irok i trepeljiv pogled na \u017eivot i \u017eenu.<\/p>\n<p>Posao koji obavljam je u su\u0161tini poziv i zahteva predanost celog \u010doveka, celi dan i nije mi te\u0161ko.<\/p>\n        <\/div>\r\n\r\n    <\/div>\r\n\r\n<\/div>\r\n","protected":false},"excerpt":{"rendered":"","protected":false},"author":1,"featured_media":0,"parent":1174,"menu_order":0,"comment_status":"closed","ping_status":"closed","template":"","meta":{"_acf_changed":false,"footnotes":""},"class_list":["post-1185","page","type-page","status-publish","hentry"],"acf":[],"_links":{"self":[{"href":"https:\/\/ginekologijameglic.si\/sr\/wp-json\/wp\/v2\/pages\/1185","targetHints":{"allow":["GET"]}}],"collection":[{"href":"https:\/\/ginekologijameglic.si\/sr\/wp-json\/wp\/v2\/pages"}],"about":[{"href":"https:\/\/ginekologijameglic.si\/sr\/wp-json\/wp\/v2\/types\/page"}],"author":[{"embeddable":true,"href":"https:\/\/ginekologijameglic.si\/sr\/wp-json\/wp\/v2\/users\/1"}],"replies":[{"embeddable":true,"href":"https:\/\/ginekologijameglic.si\/sr\/wp-json\/wp\/v2\/comments?post=1185"}],"version-history":[{"count":4,"href":"https:\/\/ginekologijameglic.si\/sr\/wp-json\/wp\/v2\/pages\/1185\/revisions"}],"predecessor-version":[{"id":1573,"href":"https:\/\/ginekologijameglic.si\/sr\/wp-json\/wp\/v2\/pages\/1185\/revisions\/1573"}],"up":[{"embeddable":true,"href":"https:\/\/ginekologijameglic.si\/sr\/wp-json\/wp\/v2\/pages\/1174"}],"wp:attachment":[{"href":"https:\/\/ginekologijameglic.si\/sr\/wp-json\/wp\/v2\/media?parent=1185"}],"curies":[{"name":"wp","href":"https:\/\/api.w.org\/{rel}","templated":true}]}}

Petra Meglič, dr. med.

<style type="text/css">
#profile-image-block-block_60c0861443a82 {
    /* Add styles that use ACF values here */
}
</style>

<div id="profile-image-block-block_60c0861443a82" class="block-profile-image-block">
    <div class="container flex-row flex-row--align-h-center">
        <div class="about-cards__single flex-col-md-4">
                        <img decoding="async" class="profile-image" src="https://ginekologijameglic.si/wp-content/uploads/2022/12/drPetraMeglic-2.jpg" />
                        <h4 class="profile-name">Petra Meglič, <span class="small">dr. med.</span></h4>
            <p class="profile-description">privatna ambulanta i ambulanta sa koncesijom            </p>
        </div>
    </div>
</div>


<div id="text-block-block_60c08baf70e06" class="block-text-block">

    <div class="flex-row flex-row--align-h-center">

        <div class="flex-col-md-6">
            <p>Još od svoje 10. godine sam znala da želim da budem ginekolog. Ne znam zašto ali je tako bilo. Zato je bio moj put obrazovanja vrlo jasan i zacrtan. Gimnazija Bežigrad i onda Medicinski fakultet Univerziteta u Ljubljani koji sam završila 1996. godine. Već tokom studija sam išla na razmenu u Ukrajnu i Rusiju, a kao apsolvent medicine takođe u Zambiju, gde smo se kolege i ja prvo obrazovali u UKC Lusaka, a onda samostalno radili u misijskim bolnicama.<br />
Specijalizaciju iz ginekologije i porodiljstva sam završila cum laude (sa odlikovanjem) 2003. godine. Do 2019. sam radila kao vođa ginekologije u ZD Domžale, a dodatno sam bila zaposlena u UKC Ljubljana, Ginekološka klinika.</p>
<p>Stalno se obrazujem ovde i u inostranstvu kao predavač ili učesnik kongresa i simpozija. Sarađujem sa klinikama, institutima i kolegama svih specijalizacija.<br />
2019. godine sam krenula na samostalno putovanje jer je jednostavno bilo vreme za promenu i nove izazove. Takav način rada omogućava bolje prilagođavanje potrebama savremenog vremena i željama žena.</p>
<p>Suprug i ja imamo po principu: „moji- tvoji- naši“ petoro dece koji su svaki na svoj način obogatili naše živote i pogled na svet. Kao žena i mama koja je istovremno lekar specijalista za žene, mogu da tvrdim da imam posebno širok i trepeljiv pogled na život i ženu.</p>
<p>Posao koji obavljam je u suštini poziv i zahteva predanost celog čoveka, celi dan i nije mi teško.</p>
        </div>

    </div>

</div>
